 in base 9?
-2302066
Convert 10020011 (base 4) to base 6.
210125
67312367 (base 8) to base 10
14521591
What is -55245312 (base 7) in base 4?
-102013323021
Convert 11011110001110100101 (base 2) to base 14.
199a17
-111210101200 (base 3) to base 7
-2210322
What is 1ac54 (base 14) in base 3?
10110122222
-aa7446 (base 13) to base 2
-1111010100001000111101
What is 1111111010111 (base 2) in base 10?
8151
-21768 (base 13) to base 7
-341433
Convert -3642551 (base 7) to base 11.
-297976
-5146261 (base 8) to base 16
-14ccb1
-20350 (base 14) to base 8
-227262
What is -135513 (base 6) in base 5?
-403213
Convert 214132210 (base 5) to base 3.
1202002212000
-1460656 (base 7) to base 4
-300233002
What is -212201212010 (base 3) in base 4?
-1302003300
6108230 (base 12) to base 6
1445345300
What is -39b26 (base 13) in base 9?
-173224
What is -42aa8 (base 15) in base 7?
-1541036
Convert -10111011011001001 (base 2) to base 14.
-26d73
Convert 5636544 (base 7) to base 2.
10101010100100000001
11201230 (base 4) to base 3
1011001101
Convert 266a67 (base 14) to base 8.
5033163
What is -513603 (base 8) in base 3?
-22122000002
Convert -101000000101100000100101 (base 2) to base 15.
-dc88a0
289864 (base 10) to base 11
188863
Convert -11101111110001100000 (base 2) to base 10.
-982112
c30d (base 16) to base 3
2112111101
What is -11907 (base 10) in base 14?
-44a7
What is 795198 (base 10) in base 13?
21ac41
What is -69d02 (base 15) in base 5?
-41241202
What is -4155665 (base 8) in base 11?
-695083
-cbb51 (base 13) to base 6
-11523304
Convert -4a0f80 (base 16) to base 4.
-102200332000
Convert 16553366 (base 7) to base 15.
221ebb
Convert 623397 (base 11) to base 6.
33233510
What is -5387464 (base 10) in base 13?
-1168264
What is -1265052 (base 7) in base 2?
-101000110111111101
What is -22201111203 (base 4) in base 8?
-12412543
50b82 (base 13) to base 14
3aa8a
-49a30 (base 15) to base 8
-713242
Convert 8b546 (base 13) to base 14.
68594
Convert -10db (base 15) to base 4.
-313331
-46159 (base 13) to base 5
-13041134
What is 206362 (base 12) in base 16?
7c27a
Convert -3546205 (base 9) to base 15.
-27ded8
What is -2663026 (base 8) in base 6?
-24002250
-4957a2 (base 13) to base 4
-12230112121
Convert 1000000110001000001111001 (base 2) to base 6.
1403522013
101011000332 (base 4) to base 13
c09a0b
56ab6 (base 14) to base 12
a1ab4
What is 12010000313 (base 4) in base 7?
16336352
What is 341d8 (base 14) in base 4?
132322102
Convert 100100001101101000000100 (base 2) to base 15.
c77b16
Convert 88058 (base 9) to base 14.
173b7
Convert 553437 (base 8) to base 9.
313305
2815063 (base 10) to base 15
3a915d
-3510553 (base 9) to base 16
-1cf086
Convert aac21 (base 16) to base 6.
22554025
Convert -4280965 (base 12) to base 16.
-c0655d
-bb9025 (base 14) to base 15
-85a699
What is 1442768 (base 11) in base 12?
9b5b88
4300b (base 12) to base 8
254113
-110000010000110011011 (base 2) to base 10
-1581467
Convert -112420053 (base 6) to base 4.
-13331123001
Convert -113113234 (base 5) to base 12.
-2109a3
Convert 3d1cd (base 16) to base 5.
31002232
Convert -41243444 (base 5) to base 14.
-8ad42
Convert -5969a1 (base 12) to base 13.
-3b67bb
-2c531 (base 14) to base 6
-2212515
2242341 (base 6) to base 15
23e5d
17a60 (base 16) to base 3
11220212120
1125523 (base 7) to base 3
21011201221
Convert -170092 (base 12) to base 10.
-394094
Convert -135029 (base 11) to base 5.
-23233120
176699 (base 11) to base 7
2213022
What is 10303a (base 12) in base 16?
3e06e
77604 (base 9) to base 7
303130
177dc (base 14) to base 10
59190
What is 533592 (base 11) in base 7?
10154303
What is -7149a (base 14) in base 15?
-55b6b
What is -230310231 (base 4) in base 9?
-308756
Convert 123132400 (base 5) to base 8.
2222074
-2435304 (base 7) to base 8
-1140453
What is -223144 (base 7) in base 14?
-10594
1992770 (base 11) to base 8
14633327
314140233 (base 5) to base 6
44130425
What is 100020122121 (base 3) in base 9?
306577
-5336c9 (base 13) to base 10
-1949918
28861 (base 13) to base 14
1da5b
What is 10106432 (base 8) in base 9?
4011264
-4422202 (base 5) to base 4
-102230020
What is 10211101021120 (base 3) in base 4?
13300302123
What is -3227052 (base 9) in base 8?
-6464205
Convert 22002201202 (base 3) to base 14.
42179
Convert -69764 (base 10) to base 13.
-259a6
-8dcd00 (base 15) to base 12
-2329746
What is -13124240 (base 5) in base 3?
-20121020210
Convert 301642561 (base 7) to base 6.
1423331104
Convert -1840d02 (base 14) to base 8.
-55566566
What is -126723 (base 15) in base 9?
-1584476
Convert -10053052 (base 6) to base 14.
-768ac
12212100211 (base 3) to base 14
30103
What is -70642 (base 8) in base 11?
-1a946
What is -85b67 (base 16) in base 4?
-2011231213
What is -1301002203 (base 4) in base 7?
-3635613
-d383 (base 15) to base 3
-2021021120
Convert b9681 (base 13) to base 10.
335063
-36306 (base 8) to base 4
-3303012
Convert e29d8 (base 16) to base 12.
3891b4
Convert -30010020 (base 4) to base 2.
-1100000100001000
da90 (base 15) to base 8
132264
Convert 102574 (base 9) to base 8.
167063
-4854773 (base 9) to base 10
-2634510
Convert -1035386 (base 9) to base 6.
-15521510
Convert 13112000 (base 4) to base 7.
153461
Convert -23304531 (base 6) to base 5.
-141133411
What is 12277 (base 11) in base 15?
5354
Convert -26c1c02 (base 13) to base 16.
-ba96ef
What is 40241 (base 8) in base 14?
605b
What is -169838 (base 11) in base 12?
-107679
Convert 11000100110001100 (base 2) to base 5.
11210443
What is 3621662 (base 8) in base 16?
f23b2
Convert -111010000100101010101 (base 2) to base 9.
-3520300
What is -1a3a0 (base 11) in base 3?
-1102222202
101000101111101001011100 (base 2) to base 3
202002122110210
10001000100010 (base 2) to base 15
28c8
-300676 (base 8) to base 2
-11000000110111110
Convert 10101001010001110 (base 2) to base 9.
141800
What is 1d28f (base 16) in base 3?
20001211200
What is -100110111111101011000001 (base 2) in base 15?
-d6dc4d
Convert 4b19a (base 13) to base 5.
13414312
What is ef0a (base 16) in base 2?
1110111100001010
What is 12a772a (base 12) in base 10?
3704146
What is 12745073 (base 8) in base 3?
12101210122121
28035 (base 10) to base 7
144510
Convert 4149311 (base 10) to base 2.
1111110101000000111111
-3126355 (base 10) to base 7
-35400511
Convert 996209 (base 10) to base 5.
223334314
Convert 1552c0 (base 13) to base 12.
2141a1
Convert 2052397 (base 10) to base 14.
3b5d5b
What is -341145420 (base 6) in base 12?
-20bb270
-12ab28 (base 16) to base 2
-100101010101100101000
What is -6206234 (base 8) in base 2?
-110010000110010011100
Convert 2c277 (base 13) to base 2.
10100011111010010
-433020005 (base 6) to base 4
-131120011211
Convert -1110010111011000010 (base 2) to base 5.
-110030342
Convert -2645454 (base 7) to base 10.
-347694
10031242341 (base 5) to base 8
46173421
What is -1221131032 (base 5) in base 13?
-7ac223
What is 14141310 (base 5) in base 16?
23c17
Convert -682715 (base 10) to base 8.
-2465333
Convert 641559 (base 10) to base 4.
2130220113
Convert -12131132111 (base 4) to base 12.
-698105
What is -193098 (base 16) in base 6?
-55214440
What is 4791180 (base 10) in base 3?
100000102021010
Convert 473bc (base 13) to base 7.
1051561
-54269 (base 16) to base 15
-6c1db
Convert 99a81 (base 11) to base 2.
100011011010010111
What is 1031223012 (base 4) in base 13?
b1a71
What is 253314 (base 6) in base 7?
123316
What is -526a005 (base 11) in base 7?
-141613336
4bc76a (base 16) to base 13
104b613
What is 114513133 (base 6) in base 12?
8957a9
What is 31b97 (base 12) in base 2?
10000000001100011
What is -10010110011111110010010 (base 2) in base 11?
-28690a9
-15343420 (base 6) to base 2
-10000100011101000100
What is 8657 (base 16) in base 13?
12866
Convert -36672c (base 16) to base 6.
-204230140
What is -21b7a (base 13) in base 16?
-ef5f
1214453 (base 7) to base 13
5589b
Convert 80977 (base 13) to base 15.
482a7
What is 5abcc (base 16) in base 5?
43343120
Convert 57912 (base 10) to base 11.
3a568
94a77 (base 13) to base 9
447101
What is -98777 (base 12) in base 13?
-70978
What is -12855a (base 12) in base 2?
-1001010011100010110
What is -873e5 (base 15) in base 9?
-724158
What is -5d6eb (base 15) in base 9?
-504505
Convert 9432c2 (base 13) to base 15.
4860e8
Convert 1112332201 (base 4) to base 6.
11345201
What is -